{"id":44046,"date":"2024-06-17T18:19:48","date_gmt":"2024-06-17T16:19:48","guid":{"rendered":"http:\/\/01614338-58ad-4ce1-b0ea-edc662f35ad9"},"modified":"2024-06-17T18:36:06","modified_gmt":"2024-06-17T16:36:06","slug":"austria-national-anthem-a-guide-to-the-austrian-national-hymn-its-history-and-lyrics","status":"publish","type":"rss_feed","link":"https:\/\/c01.purpledshub.com\/bbcmusicmagazine\/rss_feed\/austria-national-anthem-a-guide-to-the-austrian-national-hymn-its-history-and-lyrics\/","title":{"rendered":"Austria national anthem: a guide to the Austrian national hymn, its history and lyrics"},"content":{"rendered":"<p class=\"rssexcerpt\"><\/p><p class=\"rssauthor\">By <\/p><p class=\"rssbyline\">Published: Monday, 17 June 2024 at 16:19 PM<\/p><hr class=\"no-tts wp-block-separator\"\/><?xml version=\"1.0\" encoding=\"UTF-8\" standalone=\"yes\"?>\n<!DOCTYPE html PUBLIC \"-\/\/W3C\/\/DTD HTML 4.0 Transitional\/\/EN\" \"http:\/\/www.w3.org\/TR\/REC-html40\/loose.dtd\">\n<html><body><p>Here&#8217;s a guide to the national anthem of Austria: we&#8217;ll look at its lyrics and then at its history. It used to have a different anthem, before a famous neighbour decided to take that. We&#8217;ll also reveal how it&#8217;s been wrongly attributed to a famous composer.<\/p><h2 class=\"wp-block-heading\" id=\"h-what-is-the-national-anthem-of-austria\">What is the national anthem of Austria?<\/h2><p>The\u00a0national anthem of\u00a0Austria is also known by its first line, &#8216;Land der Berge, Land am Strome&#8217; (&#8216;Land of peaks, land by the river&#8217;). It became the official anthem in 1946 &#8211; previous to that, Austria had a different national anthem. More on that in a minute. <\/p><figure class=\"wp-block-embed is-type-video is-provider-youtube wp-block-embed-youtube wp-embed-aspect-16-9 wp-has-aspect-ratio\"><div class=\"wp-block-embed__wrapper\"><iframe loading=\"lazy\" title=\"National Anthem of Austria: Land der Berge, Land am Strome (full version)\" width=\"800\" height=\"450\" src=\"https:\/\/www.youtube.com\/embed\/coXCFX61SBQ?feature=oembed\" frameborder=\"0\" allow=\"accelerometer; autoplay; clipboard-write; encrypted-media; gyroscope; picture-in-picture; web-share\" referrerpolicy=\"strict-origin-when-cross-origin\" allowfullscreen=\"\"\/><\/div><\/figure><h2 class=\"wp-block-heading\" id=\"h-austria-national-anthem-lyrics-in-english\">Austria national anthem: lyrics in English<\/h2><p>Land of peaks, oh, land of rivers,<br\/>Land of fields, oh, land of steeples<br\/>Land of labours, future-bound!<br\/>Home thou art to prodigious kin,<br\/>Shining brighter than ever been<br\/>Austria, of high praise!<\/p><p>Bold if battered, ne&#8217;er torn nor tattered<br\/>Stands thou strong midst Europe fettered<br\/>For thee art pledges saith!<br\/>Since days long past, verily thou hast<br\/>Trials of heated temper pas&#8217;t<br\/>Austria, of true faith.<\/p><p>Joyfully jaunting, future-bound,<br\/>As one nation, safe and sound,<br\/>In high spirits newly found!<br\/>All together now, in jubilation<br\/>To thee, we pledge with animation<br\/>Austria, dearly loved!<\/p><h2 class=\"wp-block-heading\" id=\"h-austria-national-anthem-lyrics-in-german\">Austria national anthem: lyrics in German<\/h2><p>Land der Berge, Land am Strome,<br\/>Land der \u00c4cker, Land der Dome,<br\/>Land der H\u00e4mmer, zukunftsreich!<br\/>Heimat gro\u00dfer T\u00f6chter und S\u00f6hne,<br\/>Volk, begnadet f\u00fcr das Sch\u00f6ne,<br\/>Vielger\u00fchmtes \u00d6sterreich!<\/p><p>Hei\u00df umfehdet, wild umstritten,<br\/>Liegst dem Erdteil du inmitten<br\/>Einem starken Herzen gleich<br\/>Hast seit fr\u00fchen Ahnentagen<br\/>Hoher Sendung Last getragen,<br\/>Vielgepr\u00fcftes \u00d6sterreich.<\/p><p>Mutig in die neuen Zeiten,<br\/>Frei und gl\u00e4ubig sieh uns schreiten,<br\/>Arbeitsfroh und hoffnungsreich.<br\/>Einig la\u00df in Jubelch\u00f6ren,<br\/>Vaterland, dir Treue schw\u00f6ren.<br\/>Vielgeliebtes \u00d6sterreich.<\/p><h2 class=\"wp-block-heading\" id=\"h-did-mozart-compose-austria-s-national-anthem\">Did Mozart compose Austria&#8217;s national anthem?<\/h2><p>The <strong><a href=\"https:\/\/www.classical-music.com\/features\/musical-terms\/what-is-a-melody\">melody<\/a><\/strong> for Austria&#8217;s national hymn was originally attributed to Austria&#8217;s most famous composer, Wolfgang Amadeus <strong><a href=\"https:\/\/www.classical-music.com\/features\/composers\/mozart\">Mozart<\/a><\/strong>. However, this is now seen as doubtful. So who did compose it? The melody&#8217;s most likely composer is the Austrian composer\u00a0Johann Holzer.\u00a0<\/p><ul><li><strong><a href=\"https:\/\/www.classical-music.com\/features\/composers\/best-austrian-composers\">The greatest Austrian composers of all time<\/a><\/strong><\/li><\/ul><h2 class=\"wp-block-heading\" id=\"h-who-wrote-the-words-to-the-austria-national-anthem\">Who wrote the words to the Austria national anthem?<\/h2><p>The Austrian writer and poet <strong><a href=\"https:\/\/en.wikipedia.org\/wiki\/Paula_von_Preradovi%C4%87\" target=\"_blank\" rel=\"noreferrer noopener\">Paula von Preradovi\u0107<\/a><\/strong>\u00a0composed the lyrics for the anthem in 1947, the year after its official adoption. <\/p><h2 class=\"wp-block-heading\" id=\"h-what-happened-to-austria-s-previous-national-anthem\">What happened to Austria&#8217;s previous national anthem?<\/h2><p>Before the\u00a0<a href=\"https:\/\/en.wikipedia.org\/wiki\/Anschluss\" target=\"_blank\" rel=\"noreferrer noopener\"><strong>Anschluss<\/strong><\/a> (the annexation of Austria into the German Reich in 1938), the state anthem of Austria was &#8216;Sei gesegnet ohne Ende&#8217;. This was set to the tune of\u00a0<a href=\"https:\/\/www.classical-music.com\/features\/composers\/joseph-haydn\"><strong>Haydn<\/strong><\/a>&#8216;s &#8216;Gott erhalte Franz den Kaiser&#8221;, the slow movement of his &#8216;Emperor&#8217; <strong><a href=\"https:\/\/www.classical-music.com\/features\/musical-terms\/what-string-quartet\">string quartet<\/a><\/strong>. This had been imperial Austria&#8217;s state anthem since 1797. <\/p><p>However, with the annexation, the Haydn melody was co-opted for the <strong><a href=\"https:\/\/www.classical-music.com\/features\/works\/german-national-anthem-lyrics\">Germany national anthem<\/a><\/strong>, the &#8216;Deutschandlied&#8217;, albeit with different words. Austria now needed its own national anthem, and this came into official use in October 1946, with the lyrics following four months later. <\/p><h2 class=\"wp-block-heading\" id=\"h-more-national-anthem-lyrics\">More national anthem lyrics<\/h2><p>You can find the lyrics to lots more\u00a0<strong><a href=\"https:\/\/www.classical-music.com\/search?phrase=national%20anthem\">national anthems<\/a><\/strong>\u00a0elsewhere on our site. For example, perhaps you want to find the lyrics for the national anthems of Austria&#8217;s Group D rivals at Euro 2024. Here, then, here are the lyrics to the <strong><a href=\"https:\/\/www.classical-music.com\/features\/works\/polish-national-anthem-what-is-it-and-what-are-its-lyrics\">Polish national anthem<\/a><\/strong>, the <strong><a href=\"https:\/\/www.classical-music.com\/articles\/dutch-national-anthem-wilhelmus-lyrics\">national anthem of the Netherlands<\/a><\/strong>, and the <strong><a href=\"https:\/\/www.classical-music.com\/articles\/la-marseillaise-what-are-the-lyrics-to-the-french-national-anthem-and-when-were-they-written\">French national anthem &#8216;La Marseillaise&#8217;<\/a><\/strong>.<\/p> <\/body><\/html>\n<hr class=\"no-tts wp-block-separator\"\/>","protected":false},"excerpt":{"rendered":"<p>By Published: Monday, 17 June 2024 at 16:19 PM Here&#8217;s a guide to the national anthem of Austria: we&#8217;ll look at its lyrics and then at its history. It used to have a different anthem, before a famous neighbour decided to take that. We&#8217;ll also reveal how it&#8217;s been wrongly attributed to a famous composer. [&hellip;]<\/p>\n","protected":false},"author":24,"featured_media":44047,"template":"","categories":[1,17],"acf":{"readingTimeMinutes":"3"},"uagb_featured_image_src":{"full":["https:\/\/c01.purpledshub.com\/uploads\/sites\/37\/2024\/06\/austria-national-anthem-a-guide-to-the-austrian-national-hymn-its-history-and-lyrics.png",960,631,false],"thumbnail":["https:\/\/c01.purpledshub.com\/uploads\/sites\/37\/2024\/06\/austria-national-anthem-a-guide-to-the-austrian-national-hymn-its-history-and-lyrics-150x150.png",150,150,true],"medium":["https:\/\/c01.purpledshub.com\/uploads\/sites\/37\/2024\/06\/austria-national-anthem-a-guide-to-the-austrian-national-hymn-its-history-and-lyrics-300x197.png",300,197,true],"medium_large":["https:\/\/c01.purpledshub.com\/uploads\/sites\/37\/2024\/06\/austria-national-anthem-a-guide-to-the-austrian-national-hymn-its-history-and-lyrics-768x505.png",768,505,true],"large":["https:\/\/c01.purpledshub.com\/uploads\/sites\/37\/2024\/06\/austria-national-anthem-a-guide-to-the-austrian-national-hymn-its-history-and-lyrics.png",800,526,false],"1536x1536":["https:\/\/c01.purpledshub.com\/uploads\/sites\/37\/2024\/06\/austria-national-anthem-a-guide-to-the-austrian-national-hymn-its-history-and-lyrics.png",960,631,false],"2048x2048":["https:\/\/c01.purpledshub.com\/uploads\/sites\/37\/2024\/06\/austria-national-anthem-a-guide-to-the-austrian-national-hymn-its-history-and-lyrics.png",960,631,false]},"uagb_author_info":{"display_name":"importmanagerhub@sprylab.com","author_link":"https:\/\/c01.purpledshub.com\/bbcmusicmagazine\/author\/importmanagerhubsprylab-com\/"},"uagb_comment_info":0,"uagb_excerpt":"By Published: Monday, 17 June 2024 at 16:19 PM Here&#8217;s a guide to the national anthem of Austria: we&#8217;ll look at its lyrics and then at its history. It used to have a different anthem, before a famous neighbour decided to take that. We&#8217;ll also reveal how it&#8217;s been wrongly attributed to a famous composer.&hellip;","_links":{"self":[{"href":"https:\/\/c01.purpledshub.com\/bbcmusicmagazine\/wp-json\/wp\/v2\/rss_feed\/44046"}],"collection":[{"href":"https:\/\/c01.purpledshub.com\/bbcmusicmagazine\/wp-json\/wp\/v2\/rss_feed"}],"about":[{"href":"https:\/\/c01.purpledshub.com\/bbcmusicmagazine\/wp-json\/wp\/v2\/types\/rss_feed"}],"author":[{"embeddable":true,"href":"https:\/\/c01.purpledshub.com\/bbcmusicmagazine\/wp-json\/wp\/v2\/users\/24"}],"wp:featuredmedia":[{"embeddable":true,"href":"https:\/\/c01.purpledshub.com\/bbcmusicmagazine\/wp-json\/wp\/v2\/media\/44047"}],"wp:attachment":[{"href":"https:\/\/c01.purpledshub.com\/bbcmusicmagazine\/wp-json\/wp\/v2\/media?parent=44046"}],"wp:term":[{"taxonomy":"category","embeddable":true,"href":"https:\/\/c01.purpledshub.com\/bbcmusicmagazine\/wp-json\/wp\/v2\/categories?post=44046"}],"curies":[{"name":"wp","href":"https:\/\/api.w.org\/{rel}","templated":true}]}}

<p class="rssexcerpt"></p><p class="rssauthor">By </p><p class="rssbyline">Published: Monday, 17 June 2024 at 16:19 PM</p><hr class="no-tts wp-block-separator"/><?xml version="1.0" encoding="UTF-8" standalone="yes"?>
<!DOCTYPE html PUBLIC "-//W3C//DTD HTML 4.0 Transitional//EN" "http://www.w3.org/TR/REC-html40/loose.dtd">
<html><body><p>Here&#8217;s a guide to the national anthem of Austria: we&#8217;ll look at its lyrics and then at its history. It used to have a different anthem, before a famous neighbour decided to take that. We&#8217;ll also reveal how it&#8217;s been wrongly attributed to a famous composer.</p><h2 class="wp-block-heading" id="h-what-is-the-national-anthem-of-austria">What is the national anthem of Austria?</h2><p>The national anthem of Austria is also known by its first line, &#8216;Land der Berge, Land am Strome&#8217; (&#8216;Land of peaks, land by the river&#8217;). It became the official anthem in 1946 &#8211; previous to that, Austria had a different national anthem. More on that in a minute. </p><figure class="wp-block-embed is-type-video is-provider-youtube wp-block-embed-youtube wp-embed-aspect-16-9 wp-has-aspect-ratio"><div class="wp-block-embed__wrapper"><iframe loading="lazy" title="National Anthem of Austria: Land der Berge, Land am Strome (full version)" width="800" height="450" src="https://www.youtube.com/embed/coXCFX61SBQ?feature=oembed" frameborder="0" allow="accelerometer; autoplay; clipboard-write; encrypted-media; gyroscope; picture-in-picture; web-share" referrerpolicy="strict-origin-when-cross-origin" allowfullscreen=""/></div></figure><h2 class="wp-block-heading" id="h-austria-national-anthem-lyrics-in-english">Austria national anthem: lyrics in English</h2><p>Land of peaks, oh, land of rivers,<br/>Land of fields, oh, land of steeples<br/>Land of labours, future-bound!<br/>Home thou art to prodigious kin,<br/>Shining brighter than ever been<br/>Austria, of high praise!</p><p>Bold if battered, ne&#8217;er torn nor tattered<br/>Stands thou strong midst Europe fettered<br/>For thee art pledges saith!<br/>Since days long past, verily thou hast<br/>Trials of heated temper pas&#8217;t<br/>Austria, of true faith.</p><p>Joyfully jaunting, future-bound,<br/>As one nation, safe and sound,<br/>In high spirits newly found!<br/>All together now, in jubilation<br/>To thee, we pledge with animation<br/>Austria, dearly loved!</p><h2 class="wp-block-heading" id="h-austria-national-anthem-lyrics-in-german">Austria national anthem: lyrics in German</h2><p>Land der Berge, Land am Strome,<br/>Land der Äcker, Land der Dome,<br/>Land der Hämmer, zukunftsreich!<br/>Heimat großer Töchter und Söhne,<br/>Volk, begnadet für das Schöne,<br/>Vielgerühmtes Österreich!</p><p>Heiß umfehdet, wild umstritten,<br/>Liegst dem Erdteil du inmitten<br/>Einem starken Herzen gleich<br/>Hast seit frühen Ahnentagen<br/>Hoher Sendung Last getragen,<br/>Vielgeprüftes Österreich.</p><p>Mutig in die neuen Zeiten,<br/>Frei und gläubig sieh uns schreiten,<br/>Arbeitsfroh und hoffnungsreich.<br/>Einig laß in Jubelchören,<br/>Vaterland, dir Treue schwören.<br/>Vielgeliebtes Österreich.</p><h2 class="wp-block-heading" id="h-did-mozart-compose-austria-s-national-anthem">Did Mozart compose Austria&#8217;s national anthem?</h2><p>The <strong><a href="https://www.classical-music.com/features/musical-terms/what-is-a-melody">melody</a></strong> for Austria&#8217;s national hymn was originally attributed to Austria&#8217;s most famous composer, Wolfgang Amadeus <strong><a href="https://www.classical-music.com/features/composers/mozart">Mozart</a></strong>. However, this is now seen as doubtful. So who did compose it? The melody&#8217;s most likely composer is the Austrian composer Johann Holzer. </p><ul><li><strong><a href="https://www.classical-music.com/features/composers/best-austrian-composers">The greatest Austrian composers of all time</a></strong></li></ul><h2 class="wp-block-heading" id="h-who-wrote-the-words-to-the-austria-national-anthem">Who wrote the words to the Austria national anthem?</h2><p>The Austrian writer and poet <strong><a href="https://en.wikipedia.org/wiki/Paula_von_Preradovi%C4%87" target="_blank" rel="noreferrer noopener">Paula von Preradović</a></strong> composed the lyrics for the anthem in 1947, the year after its official adoption. </p><h2 class="wp-block-heading" id="h-what-happened-to-austria-s-previous-national-anthem">What happened to Austria&#8217;s previous national anthem?</h2><p>Before the <a href="https://en.wikipedia.org/wiki/Anschluss" target="_blank" rel="noreferrer noopener"><strong>Anschluss</strong></a> (the annexation of Austria into the German Reich in 1938), the state anthem of Austria was &#8216;Sei gesegnet ohne Ende&#8217;. This was set to the tune of <a href="https://www.classical-music.com/features/composers/joseph-haydn"><strong>Haydn</strong></a>&#8216;s &#8216;Gott erhalte Franz den Kaiser&#8221;, the slow movement of his &#8216;Emperor&#8217; <strong><a href="https://www.classical-music.com/features/musical-terms/what-string-quartet">string quartet</a></strong>. This had been imperial Austria&#8217;s state anthem since 1797. </p><p>However, with the annexation, the Haydn melody was co-opted for the <strong><a href="https://www.classical-music.com/features/works/german-national-anthem-lyrics">Germany national anthem</a></strong>, the &#8216;Deutschandlied&#8217;, albeit with different words. Austria now needed its own national anthem, and this came into official use in October 1946, with the lyrics following four months later. </p><h2 class="wp-block-heading" id="h-more-national-anthem-lyrics">More national anthem lyrics</h2><p>You can find the lyrics to lots more <strong><a href="https://www.classical-music.com/search?phrase=national%20anthem">national anthems</a></strong> elsewhere on our site. For example, perhaps you want to find the lyrics for the national anthems of Austria&#8217;s Group D rivals at Euro 2024. Here, then, here are the lyrics to the <strong><a href="https://www.classical-music.com/features/works/polish-national-anthem-what-is-it-and-what-are-its-lyrics">Polish national anthem</a></strong>, the <strong><a href="https://www.classical-music.com/articles/dutch-national-anthem-wilhelmus-lyrics">national anthem of the Netherlands</a></strong>, and the <strong><a href="https://www.classical-music.com/articles/la-marseillaise-what-are-the-lyrics-to-the-french-national-anthem-and-when-were-they-written">French national anthem &#8216;La Marseillaise&#8217;</a></strong>.</p> </body></html>
<hr class="no-tts wp-block-separator"/>
