{"id":22863,"date":"2022-09-29T12:11:24","date_gmt":"2022-09-29T10:11:24","guid":{"rendered":"https:\/\/www.radiotimes.com\/?p=1713619"},"modified":"2022-09-29T12:34:10","modified_gmt":"2022-09-29T10:34:10","slug":"graham-norton-confirms-he-wont-host-eurovision-2023","status":"publish","type":"rss_feed","link":"https:\/\/c01.purpledshub.com\/radiotimes\/rss_feed\/graham-norton-confirms-he-wont-host-eurovision-2023\/","title":{"rendered":"Graham Norton confirms he won\u2019t host Eurovision 2023"},"content":{"rendered":"<p class=\"rssexcerpt\"><\/p><p class=\"rssauthor\">By Lidia Molina-Whyte\n                \t\t<\/p><p class=\"rssbyline\">Published: Thursday, 29 September 2022 at 12:00 am<\/p><hr class=\"wp-block-separator\"\/><?xml version=\"1.0\" encoding=\"UTF-8\" standalone=\"yes\"?>\n<!DOCTYPE html PUBLIC \"-\/\/W3C\/\/DTD HTML 4.0 Transitional\/\/EN\" \"http:\/\/www.w3.org\/TR\/REC-html40\/loose.dtd\">\n<html><body><p>Next year\u2019s <a href=\"\/\/www.radiotimes.com\/tv\/entertainment\/eurovision-2023-location-ukraine-host\/&quot;\" target=\"&quot;_blank&quot;\" rel=\"&quot;noopener&quot; noopener noreferrer\">Eurovision Song Contest<\/a> will not be hosted by Graham Norton. The author and presenter appeared to rule himself out from hosting duties during an interview on This Morning on Wednesday 28th September.<\/p>\n<p>Norton, who has been the show\u2019s commentator since 2009, surprised This Morning hosts\u00a0Holly Willoughby and Phillip Schofield when he asked them if they had \u201cthrown [their] hats into the ring to host\u201d.<\/p>\n<p>While Schofield said he wasn\u2019t \u201callowed\u201d due to the contest being broadcast by the BBC, Willoughby pointed that it surely must be Norton\u2019s job.<\/p>\n<div class=\"&quot;image-handler__container\" image-handler__container--full=\"\" style=\"&quot;padding-bottom:\" calc=\"\"> <picture><source media=\"&quot;(max-width:\" data-srcset=\"&quot;https:\/\/images.immediate.co.uk\/production\/volatile\/sites\/3\/2022\/05\/Will-Ukraine-host-the-2023-Eurovision-Song-Contest-ecfc6a1.jpg?webp=true&amp;quality=90&amp;resize=300%2C200,\" https:=\"\" type=\"&quot;image\/webp&quot;\"><source media=\"&quot;(max-width:\" data-srcset=\"&quot;https:\/\/images.immediate.co.uk\/production\/volatile\/sites\/3\/2022\/05\/Will-Ukraine-host-the-2023-Eurovision-Song-Contest-ecfc6a1.jpg?quality=90&amp;resize=300%2C200,\" https:=\"\" type=\"&quot;image\/jpeg&quot;\"><source media=\"&quot;(max-width:\" data-srcset=\"&quot;https:\/\/images.immediate.co.uk\/production\/volatile\/sites\/3\/2022\/05\/Will-Ukraine-host-the-2023-Eurovision-Song-Contest-ecfc6a1.jpg?webp=true&amp;quality=90&amp;resize=355%2C236&quot;\" type=\"&quot;image\/webp&quot;\"><source media=\"&quot;(max-width:\" data-srcset=\"&quot;https:\/\/images.immediate.co.uk\/production\/volatile\/sites\/3\/2022\/05\/Will-Ukraine-host-the-2023-Eurovision-Song-Contest-ecfc6a1.jpg?quality=90&amp;resize=355%2C236&quot;\" type=\"&quot;image\/jpeg&quot;\"><source media=\"&quot;(max-width:\" data-srcset=\"&quot;https:\/\/images.immediate.co.uk\/production\/volatile\/sites\/3\/2022\/05\/Will-Ukraine-host-the-2023-Eurovision-Song-Contest-ecfc6a1.jpg?webp=true&amp;quality=90&amp;resize=405%2C270&quot;\" type=\"&quot;image\/webp&quot;\"><source media=\"&quot;(max-width:\" data-srcset=\"&quot;https:\/\/images.immediate.co.uk\/production\/volatile\/sites\/3\/2022\/05\/Will-Ukraine-host-the-2023-Eurovision-Song-Contest-ecfc6a1.jpg?quality=90&amp;resize=405%2C270&quot;\" type=\"&quot;image\/jpeg&quot;\"><source media=\"&quot;(max-width:\" data-srcset=\"&quot;https:\/\/images.immediate.co.uk\/production\/volatile\/sites\/3\/2022\/05\/Will-Ukraine-host-the-2023-Eurovision-Song-Contest-ecfc6a1.jpg?webp=true&amp;quality=90&amp;resize=554%2C369&quot;\" type=\"&quot;image\/webp&quot;\"><source media=\"&quot;(max-width:\" data-srcset=\"&quot;https:\/\/images.immediate.co.uk\/production\/volatile\/sites\/3\/2022\/05\/Will-Ukraine-host-the-2023-Eurovision-Song-Contest-ecfc6a1.jpg?quality=90&amp;resize=554%2C369&quot;\" type=\"&quot;image\/jpeg&quot;\"><source media=\"&quot;(min-width:\" data-srcset=\"&quot;https:\/\/images.immediate.co.uk\/production\/volatile\/sites\/3\/2022\/05\/Will-Ukraine-host-the-2023-Eurovision-Song-Contest-ecfc6a1.jpg?webp=true&amp;quality=90&amp;resize=620%2C413&quot;\" type=\"&quot;image\/webp&quot;\"><source media=\"&quot;(min-width:\" data-srcset=\"&quot;https:\/\/images.immediate.co.uk\/production\/volatile\/sites\/3\/2022\/05\/Will-Ukraine-host-the-2023-Eurovision-Song-Contest-ecfc6a1.jpg?quality=90&amp;resize=620%2C413&quot;\" type=\"&quot;image\/jpeg&quot;\"><source media=\"&quot;(min-width:\" data-srcset=\"&quot;https:\/\/images.immediate.co.uk\/production\/volatile\/sites\/3\/2022\/05\/Will-Ukraine-host-the-2023-Eurovision-Song-Contest-ecfc6a1.jpg?webp=true&amp;quality=90&amp;resize=408%2C272&quot;\" type=\"&quot;image\/webp&quot;\"><source media=\"&quot;(min-width:\" data-srcset=\"&quot;https:\/\/images.immediate.co.uk\/production\/volatile\/sites\/3\/2022\/05\/Will-Ukraine-host-the-2023-Eurovision-Song-Contest-ecfc6a1.jpg?quality=90&amp;resize=408%2C272&quot;\" type=\"&quot;image\/jpeg&quot;\"><source media=\"&quot;(min-width:\" data-srcset=\"&quot;https:\/\/images.immediate.co.uk\/production\/volatile\/sites\/3\/2022\/05\/Will-Ukraine-host-the-2023-Eurovision-Song-Contest-ecfc6a1.jpg?webp=true&amp;quality=90&amp;resize=556%2C370&quot;\" type=\"&quot;image\/webp&quot;\"><source media=\"&quot;(min-width:\" data-srcset=\"&quot;https:\/\/images.immediate.co.uk\/production\/volatile\/sites\/3\/2022\/05\/Will-Ukraine-host-the-2023-Eurovision-Song-Contest-ecfc6a1.jpg?quality=90&amp;resize=556%2C370&quot;\" type=\"&quot;image\/jpeg&quot;\"><img class=\"&quot;wp-image-1646024\" align=\"\" size-full=\"\" image-handler__image=\"\" image-handler__image--full=\"\" no-wrap=\"\" js-lazyload=\"\" data-src=\"&quot;https:\/\/images.immediate.co.uk\/production\/volatile\/sites\/3\/2022\/05\/Will-Ukraine-host-the-2023-Eurovision-Song-Contest-ecfc6a1.jpg?quality=90&amp;resize=620%2C413&quot;\" width=\"&quot;620&quot;\" height=\"&quot;413&quot;\" alt=\"&quot;&quot;\" title=\"&quot;&quot;\"\/><\/source><\/source><\/source><\/source><\/source><\/source><\/source><\/source><\/source><\/source><\/source><\/source><\/source><\/source><\/picture><\/div><div class=\"&quot;caption-hold&quot;\"><figcaption class=\"&quot;wp-caption-text&quot;\"><span class=\"&quot;caption-copy&quot;\"><i class=\"&quot;icon-arrow\" icon-camera-circle=\"\"\/> Eurovision 2022 winners, Ukraine\u2019s Kalush Orchestra.<\/span><\/figcaption><span class=\"&quot;im-image-caption&quot;\"> <i>Twitter\/ @Eurovision <\/i><\/span><\/div>\n<p>\u201cI don\u2019t want to give up the commentating,\u201d Norton answered. \u201cIf I stop the commentating, someone else will do it and they might be better than me and then I\u2019ll lose that job.<\/p>\n<p>\u201cWell, I might wander on and wave, and then run back to my rabbit hutch and put my ear things on.\u201d<\/p>\n<p>Willoughby then suggested Rylan Clark-Neal for the job, though Norton didn\u2019t reveal whether there had been any conversations on who might host the programme in his place. Other popular contenders, however, include Love Island winner <a href=\"\/\/www.radiotimes.com\/tv\/entertainment\/love-island-ekin-su-davide-travel-series-newsupdate\/&quot;\" target=\"&quot;_blank&quot;\" rel=\"&quot;noopener&quot; noopener noreferrer\">Ekin-Su C\u00fclc\u00fclo\u011flu<\/a> and Radio 1 DJ Scott Mills.<\/p>\n<p>The competition will be hosted in the UK, despite Sam Ryder coming in second place. Ukraine\u2019s Kalush Orchestra were crowned the winners, but the country couldn\u2019t take on hosting duties due to the ongoing Russian invasion. <a href=\"\/\/www.radiotimes.com\/tv\/entertainment\/eurovision-2023-uk-two-cities-newsupdate\/&quot;\" target=\"&quot;_blank&quot;\" rel=\"&quot;noopener&quot; noopener noreferrer\">Liverpool and Glasgow<\/a> are the two UK cities currently in the mix for holding the competition.<\/p>\n<p>\u201cBoth of them are beautiful cities,\u201d Norton said. \u201cThey\u2019ll look great on camera, they both have a big musical tradition, so you know either one. May the best city win.\u201d<\/p> <p><strong>The 2022 Eurovision Song Contest final aired on the BBC on Saturday 14th May \u2013\u00a0<a href=\"\/\/tidal.com\/browse\/playlist\/5e111910-a071-4809-b300-7998d9bb3739&quot;\" target=\"&quot;_blank&quot;\" rel=\"&quot;noopener&quot; noopener noreferrer\">listen to all of this year\u2019s Eurovision songs on TIDAL<\/a>, while the full album of tracks is also\u00a0<a href=\"\/\/www.amazon.co.uk\/Eurovision-Song-Contest-Turin-2022\/dp\/B09TMSBP93?tag=radtim0b-21&amp;ascsubtag=radiotimes-0&quot;\" target=\"&quot;_blank&quot;\" rel=\"&quot;sponsored&quot; noopener noreferrer\" data-geniuslink=\"&quot;https:\/\/buy.geni.us\/Proxy.ashx?TSID=114542&amp;GR_URL=https%3A%2F%2Fwww.amazon.co.uk%2FEurovision-Song-Contest-Turin-2022%2Fdp%2FB09TMSBP93%3Ftag%3Dradtim0b-21%26ascsubtag%3Dradiotimes-1646017&amp;dtb=1&quot;\">available on CD<\/a>\u00a0and\u00a0<a href=\"\/\/www.amazon.co.uk\/Eurovision-Song-Contest-Turin-VINYL\/dp\/B09V2BYXX1\/?tag=radtim0b-21&amp;ascsubtag=radiotimes-0&quot;\" target=\"&quot;_blank&quot;\" rel=\"&quot;sponsored&quot; noopener noreferrer\" data-geniuslink=\"&quot;https:\/\/buy.geni.us\/Proxy.ashx?TSID=114542&amp;GR_URL=https%3A%2F%2Fwww.amazon.co.uk%2FEurovision-Song-Contest-Turin-VINYL%2Fdp%2FB09V2BYXX1%2F%3Ftag%3Dradtim0b-21%26ascsubtag%3Dradiotimes-1646017&amp;dtb=1&quot;\">vinyl<\/a>\u00a0now.<\/strong><\/p>\n<p><strong>If you\u2019re looking for more to watch, check out our\u00a0<a href=\"\/\/www.radiotimes.com\/tv\/tv-listings\/&quot;\" target=\"&quot;_blank&quot;\" rel=\"&quot;noopener&quot; noopener noreferrer\">TV Guide<\/a>\u00a0or visit our dedicated\u00a0<a href=\"\/\/www.radiotimes.com\/tv\/entertainment\/&quot;\" target=\"&quot;_blank&quot;\" rel=\"&quot;noopener&quot; noopener noreferrer\">Entertainment<\/a>\u00a0hub.<\/strong><\/p>\n<p><strong>The latest issue of Radio Times magazine is on sale now \u2013\u00a0<a href=\"\/\/radiotimes.com\/magazine-subscription?utm_term=evergreen-article&quot;\" target=\"&quot;_blank&quot;\" rel=\"&quot;noopener noopener noreferrer\" noreferrer=\"\" data-auth=\"&quot;NotApplicable&quot;\" data-linkindex=\"&quot;0&quot;\">subscribe now<\/a>\u00a0and get the next 12 issues for only \u00a31. For more from the biggest stars in TV, listen to the\u00a0<a href=\"\/\/www.radiotimes.com\/podcasts\/&quot;\" target=\"&quot;_blank&quot;\" rel=\"&quot;noopener noopener noreferrer\" noreferrer=\"\" data-auth=\"&quot;NotApplicable&quot;\" data-linkindex=\"&quot;1&quot;\">Radio Times podcast<\/a>\u00a0with Jane Garvey.<\/strong><\/p><\/body><\/html>\n<hr class=\"wp-block-separator\"\/>","protected":false},"excerpt":{"rendered":"<p>By Lidia Molina-Whyte Published: Thursday, 29 September 2022 at 12:00 am Next year\u2019s Eurovision Song Contest will not be hosted by Graham Norton. The author and presenter appeared to rule himself out from hosting duties during an interview on This Morning on Wednesday 28th September. Norton, who has been the show\u2019s commentator since 2009, surprised [&hellip;]<\/p>\n","protected":false},"author":24,"featured_media":22864,"template":"","categories":[1,5],"acf":[],"uagb_featured_image_src":{"full":["https:\/\/c01.purpledshub.com\/uploads\/sites\/56\/2022\/09\/graham-norton-confirms-he-wont-host-eurovision-2023.jpg",620,413,false],"thumbnail":["https:\/\/c01.purpledshub.com\/uploads\/sites\/56\/2022\/09\/graham-norton-confirms-he-wont-host-eurovision-2023-150x150.jpg",150,150,true],"medium":["https:\/\/c01.purpledshub.com\/uploads\/sites\/56\/2022\/09\/graham-norton-confirms-he-wont-host-eurovision-2023-300x200.jpg",300,200,true],"medium_large":["https:\/\/c01.purpledshub.com\/uploads\/sites\/56\/2022\/09\/graham-norton-confirms-he-wont-host-eurovision-2023.jpg",620,413,false],"large":["https:\/\/c01.purpledshub.com\/uploads\/sites\/56\/2022\/09\/graham-norton-confirms-he-wont-host-eurovision-2023.jpg",620,413,false],"1536x1536":["https:\/\/c01.purpledshub.com\/uploads\/sites\/56\/2022\/09\/graham-norton-confirms-he-wont-host-eurovision-2023.jpg",620,413,false],"2048x2048":["https:\/\/c01.purpledshub.com\/uploads\/sites\/56\/2022\/09\/graham-norton-confirms-he-wont-host-eurovision-2023.jpg",620,413,false]},"uagb_author_info":{"display_name":"importmanagerhub@sprylab.com","author_link":"https:\/\/c01.purpledshub.com\/radiotimes\/author\/importmanagerhubsprylab-com\/"},"uagb_comment_info":0,"uagb_excerpt":"By Lidia Molina-Whyte Published: Thursday, 29 September 2022 at 12:00 am Next year\u2019s Eurovision Song Contest will not be hosted by Graham Norton. The author and presenter appeared to rule himself out from hosting duties during an interview on This Morning on Wednesday 28th September. Norton, who has been the show\u2019s commentator since 2009, surprised&hellip;","_links":{"self":[{"href":"https:\/\/c01.purpledshub.com\/radiotimes\/wp-json\/wp\/v2\/rss_feed\/22863"}],"collection":[{"href":"https:\/\/c01.purpledshub.com\/radiotimes\/wp-json\/wp\/v2\/rss_feed"}],"about":[{"href":"https:\/\/c01.purpledshub.com\/radiotimes\/wp-json\/wp\/v2\/types\/rss_feed"}],"author":[{"embeddable":true,"href":"https:\/\/c01.purpledshub.com\/radiotimes\/wp-json\/wp\/v2\/users\/24"}],"wp:featuredmedia":[{"embeddable":true,"href":"https:\/\/c01.purpledshub.com\/radiotimes\/wp-json\/wp\/v2\/media\/22864"}],"wp:attachment":[{"href":"https:\/\/c01.purpledshub.com\/radiotimes\/wp-json\/wp\/v2\/media?parent=22863"}],"wp:term":[{"taxonomy":"category","embeddable":true,"href":"https:\/\/c01.purpledshub.com\/radiotimes\/wp-json\/wp\/v2\/categories?post=22863"}],"curies":[{"name":"wp","href":"https:\/\/api.w.org\/{rel}","templated":true}]}}

<p class="rssexcerpt"></p><p class="rssauthor">By Lidia Molina-Whyte
                		</p><p class="rssbyline">Published: Thursday, 29 September 2022 at 12:00 am</p><hr class="wp-block-separator"/><?xml version="1.0" encoding="UTF-8" standalone="yes"?>
<!DOCTYPE html PUBLIC "-//W3C//DTD HTML 4.0 Transitional//EN" "http://www.w3.org/TR/REC-html40/loose.dtd">
<html><body><p>Next year’s <a href="//www.radiotimes.com/tv/entertainment/eurovision-2023-location-ukraine-host/&quot;" target="&quot;_blank&quot;" rel="&quot;noopener&quot; noopener noreferrer">Eurovision Song Contest</a> will not be hosted by Graham Norton. The author and presenter appeared to rule himself out from hosting duties during an interview on This Morning on Wednesday 28th September.</p>
<p>Norton, who has been the show’s commentator since 2009, surprised This Morning hosts Holly Willoughby and Phillip Schofield when he asked them if they had “thrown [their] hats into the ring to host”.</p>
<p>While Schofield said he wasn’t “allowed” due to the contest being broadcast by the BBC, Willoughby pointed that it surely must be Norton’s job.</p>
<div class="&quot;image-handler__container" image-handler__container--full="" style="&quot;padding-bottom:" calc=""> <picture><source media="&quot;(max-width:" data-srcset="&quot;https://images.immediate.co.uk/production/volatile/sites/3/2022/05/Will-Ukraine-host-the-2023-Eurovision-Song-Contest-ecfc6a1.jpg?webp=true&amp;quality=90&amp;resize=300%2C200," https:="" type="&quot;image/webp&quot;"><source media="&quot;(max-width:" data-srcset="&quot;https://images.immediate.co.uk/production/volatile/sites/3/2022/05/Will-Ukraine-host-the-2023-Eurovision-Song-Contest-ecfc6a1.jpg?quality=90&amp;resize=300%2C200," https:="" type="&quot;image/jpeg&quot;"><source media="&quot;(max-width:" data-srcset="&quot;https://images.immediate.co.uk/production/volatile/sites/3/2022/05/Will-Ukraine-host-the-2023-Eurovision-Song-Contest-ecfc6a1.jpg?webp=true&amp;quality=90&amp;resize=355%2C236&quot;" type="&quot;image/webp&quot;"><source media="&quot;(max-width:" data-srcset="&quot;https://images.immediate.co.uk/production/volatile/sites/3/2022/05/Will-Ukraine-host-the-2023-Eurovision-Song-Contest-ecfc6a1.jpg?quality=90&amp;resize=355%2C236&quot;" type="&quot;image/jpeg&quot;"><source media="&quot;(max-width:" data-srcset="&quot;https://images.immediate.co.uk/production/volatile/sites/3/2022/05/Will-Ukraine-host-the-2023-Eurovision-Song-Contest-ecfc6a1.jpg?webp=true&amp;quality=90&amp;resize=405%2C270&quot;" type="&quot;image/webp&quot;"><source media="&quot;(max-width:" data-srcset="&quot;https://images.immediate.co.uk/production/volatile/sites/3/2022/05/Will-Ukraine-host-the-2023-Eurovision-Song-Contest-ecfc6a1.jpg?quality=90&amp;resize=405%2C270&quot;" type="&quot;image/jpeg&quot;"><source media="&quot;(max-width:" data-srcset="&quot;https://images.immediate.co.uk/production/volatile/sites/3/2022/05/Will-Ukraine-host-the-2023-Eurovision-Song-Contest-ecfc6a1.jpg?webp=true&amp;quality=90&amp;resize=554%2C369&quot;" type="&quot;image/webp&quot;"><source media="&quot;(max-width:" data-srcset="&quot;https://images.immediate.co.uk/production/volatile/sites/3/2022/05/Will-Ukraine-host-the-2023-Eurovision-Song-Contest-ecfc6a1.jpg?quality=90&amp;resize=554%2C369&quot;" type="&quot;image/jpeg&quot;"><source media="&quot;(min-width:" data-srcset="&quot;https://images.immediate.co.uk/production/volatile/sites/3/2022/05/Will-Ukraine-host-the-2023-Eurovision-Song-Contest-ecfc6a1.jpg?webp=true&amp;quality=90&amp;resize=620%2C413&quot;" type="&quot;image/webp&quot;"><source media="&quot;(min-width:" data-srcset="&quot;https://images.immediate.co.uk/production/volatile/sites/3/2022/05/Will-Ukraine-host-the-2023-Eurovision-Song-Contest-ecfc6a1.jpg?quality=90&amp;resize=620%2C413&quot;" type="&quot;image/jpeg&quot;"><source media="&quot;(min-width:" data-srcset="&quot;https://images.immediate.co.uk/production/volatile/sites/3/2022/05/Will-Ukraine-host-the-2023-Eurovision-Song-Contest-ecfc6a1.jpg?webp=true&amp;quality=90&amp;resize=408%2C272&quot;" type="&quot;image/webp&quot;"><source media="&quot;(min-width:" data-srcset="&quot;https://images.immediate.co.uk/production/volatile/sites/3/2022/05/Will-Ukraine-host-the-2023-Eurovision-Song-Contest-ecfc6a1.jpg?quality=90&amp;resize=408%2C272&quot;" type="&quot;image/jpeg&quot;"><source media="&quot;(min-width:" data-srcset="&quot;https://images.immediate.co.uk/production/volatile/sites/3/2022/05/Will-Ukraine-host-the-2023-Eurovision-Song-Contest-ecfc6a1.jpg?webp=true&amp;quality=90&amp;resize=556%2C370&quot;" type="&quot;image/webp&quot;"><source media="&quot;(min-width:" data-srcset="&quot;https://images.immediate.co.uk/production/volatile/sites/3/2022/05/Will-Ukraine-host-the-2023-Eurovision-Song-Contest-ecfc6a1.jpg?quality=90&amp;resize=556%2C370&quot;" type="&quot;image/jpeg&quot;"><img class="&quot;wp-image-1646024" align="" size-full="" image-handler__image="" image-handler__image--full="" no-wrap="" js-lazyload="" data-src="&quot;https://images.immediate.co.uk/production/volatile/sites/3/2022/05/Will-Ukraine-host-the-2023-Eurovision-Song-Contest-ecfc6a1.jpg?quality=90&amp;resize=620%2C413&quot;" width="&quot;620&quot;" height="&quot;413&quot;" alt="&quot;&quot;" title="&quot;&quot;"/></source></source></source></source></source></source></source></source></source></source></source></source></source></source></picture></div><div class="&quot;caption-hold&quot;"><figcaption class="&quot;wp-caption-text&quot;"><span class="&quot;caption-copy&quot;"><i class="&quot;icon-arrow" icon-camera-circle=""/> Eurovision 2022 winners, Ukraine’s Kalush Orchestra.</span></figcaption><span class="&quot;im-image-caption&quot;"> <i>Twitter/ @Eurovision </i></span></div>
<p>“I don’t want to give up the commentating,” Norton answered. “If I stop the commentating, someone else will do it and they might be better than me and then I’ll lose that job.</p>
<p>“Well, I might wander on and wave, and then run back to my rabbit hutch and put my ear things on.”</p>
<p>Willoughby then suggested Rylan Clark-Neal for the job, though Norton didn’t reveal whether there had been any conversations on who might host the programme in his place. Other popular contenders, however, include Love Island winner <a href="//www.radiotimes.com/tv/entertainment/love-island-ekin-su-davide-travel-series-newsupdate/&quot;" target="&quot;_blank&quot;" rel="&quot;noopener&quot; noopener noreferrer">Ekin-Su Cülcüloğlu</a> and Radio 1 DJ Scott Mills.</p>
<p>The competition will be hosted in the UK, despite Sam Ryder coming in second place. Ukraine’s Kalush Orchestra were crowned the winners, but the country couldn’t take on hosting duties due to the ongoing Russian invasion. <a href="//www.radiotimes.com/tv/entertainment/eurovision-2023-uk-two-cities-newsupdate/&quot;" target="&quot;_blank&quot;" rel="&quot;noopener&quot; noopener noreferrer">Liverpool and Glasgow</a> are the two UK cities currently in the mix for holding the competition.</p>
<p>“Both of them are beautiful cities,” Norton said. “They’ll look great on camera, they both have a big musical tradition, so you know either one. May the best city win.”</p> <p><strong>The 2022 Eurovision Song Contest final aired on the BBC on Saturday 14th May – <a href="//tidal.com/browse/playlist/5e111910-a071-4809-b300-7998d9bb3739&quot;" target="&quot;_blank&quot;" rel="&quot;noopener&quot; noopener noreferrer">listen to all of this year’s Eurovision songs on TIDAL</a>, while the full album of tracks is also <a href="//www.amazon.co.uk/Eurovision-Song-Contest-Turin-2022/dp/B09TMSBP93?tag=radtim0b-21&amp;ascsubtag=radiotimes-0&quot;" target="&quot;_blank&quot;" rel="&quot;sponsored&quot; noopener noreferrer" data-geniuslink="&quot;https://buy.geni.us/Proxy.ashx?TSID=114542&amp;GR_URL=https%3A%2F%2Fwww.amazon.co.uk%2FEurovision-Song-Contest-Turin-2022%2Fdp%2FB09TMSBP93%3Ftag%3Dradtim0b-21%26ascsubtag%3Dradiotimes-1646017&amp;dtb=1&quot;">available on CD</a> and <a href="//www.amazon.co.uk/Eurovision-Song-Contest-Turin-VINYL/dp/B09V2BYXX1/?tag=radtim0b-21&amp;ascsubtag=radiotimes-0&quot;" target="&quot;_blank&quot;" rel="&quot;sponsored&quot; noopener noreferrer" data-geniuslink="&quot;https://buy.geni.us/Proxy.ashx?TSID=114542&amp;GR_URL=https%3A%2F%2Fwww.amazon.co.uk%2FEurovision-Song-Contest-Turin-VINYL%2Fdp%2FB09V2BYXX1%2F%3Ftag%3Dradtim0b-21%26ascsubtag%3Dradiotimes-1646017&amp;dtb=1&quot;">vinyl</a> now.</strong></p>
<p><strong>If you’re looking for more to watch, check out our <a href="//www.radiotimes.com/tv/tv-listings/&quot;" target="&quot;_blank&quot;" rel="&quot;noopener&quot; noopener noreferrer">TV Guide</a> or visit our dedicated <a href="//www.radiotimes.com/tv/entertainment/&quot;" target="&quot;_blank&quot;" rel="&quot;noopener&quot; noopener noreferrer">Entertainment</a> hub.</strong></p>
<p><strong>The latest issue of Radio Times magazine is on sale now – <a href="//radiotimes.com/magazine-subscription?utm_term=evergreen-article&quot;" target="&quot;_blank&quot;" rel="&quot;noopener noopener noreferrer" noreferrer="" data-auth="&quot;NotApplicable&quot;" data-linkindex="&quot;0&quot;">subscribe now</a> and get the next 12 issues for only £1. For more from the biggest stars in TV, listen to the <a href="//www.radiotimes.com/podcasts/&quot;" target="&quot;_blank&quot;" rel="&quot;noopener noopener noreferrer" noreferrer="" data-auth="&quot;NotApplicable&quot;" data-linkindex="&quot;1&quot;">Radio Times podcast</a> with Jane Garvey.</strong></p></body></html>
<hr class="wp-block-separator"/>
